). Suppose -6*v + 36 = -k*v. What is the units digit of v?
9
Suppose -305 = -2*l - z - 2*z, -4*z + 302 = 2*l. What is the hundreds digit of l?
1
Let f = -185 + 741. What is the units digit of f?
6
Let q(b) be the first derivative of -b**4/4 + 10*b**3/3 + 5*b**2 + 12*b + 19. Suppose -3*f = f - 44. What is the units digit of q(f)?
1
Suppose 3*f - 883 = -5*q, 0 = 5*f - 0 - 5. Suppose -q = -5*x - 3*d, -4*x - 3*d - 96 = -7*x. Let l = x + 18. What is the units digit of l?
2
Suppose 3446 = 40*b - 27554. What is the hundreds digit of b?
7
Let m be (3 + 0/(-5))/((-6)/(-34)). Suppose m*h = 523 + 3880. What is the hundreds digit of h?
2
Let f = 129 - 58. Let q = 321 - f. What is the units digit of (-4)/(-18) + q/9?
8
Let h(t) be the third derivative of 11*t**5/20 + t**4/12 + t**3/3 + 5*t**2 + 2. What is the tens digit of h(3)?
0
What is the units digit of (-528898)/469*7/(-2)?
7
Let i(h) = h**2 + 2*h + 6. Suppose 16 = 8*c - 6*c. What is the tens digit of i(c)?
8
Suppose 0 = 6*b - 2*b - 16, 0 = 4*u + b - 1620. Suppose -4*p + f + 410 = 0, -4*p - f = f - u. What is the tens digit of p?
0
Let n(j) = 15*j - 6. Let p(g) = 60*g - 23. Let w(i) = -26*n(i) + 6*p(i). What is the hundreds digit of w(-11)?
3
Suppose 0*t - 6*t = -2*t. Let q be -2 - -2*(2 + 0). Suppose 4*s = -5*f + 47, t = -0*s - s - q. What is the units digit of f?
1
Let s = 38 + -37. What is the units digit of (1 - s/(-2))*60?
0
Suppose g + 6*x - 4*x = 18, -2*g + 4*x = -36. What is the tens digit of g?
1
Suppose -5*b - 3*v = -3*b - 30, b = 4*v + 15. Let d be 114/b + (-2)/(-5). Let m = 25 - d. What is the tens digit of m?
1
Let x = -79 - -81. Suppose -x*c + 250 = 5*n - 416, 0 = 5*n + c - 663. What is the units digit of n?
2
Suppose 72*w + 48741 = 105*w. What is the units digit of w?
7
Let b = 38 + -30. Suppose b*j = 3*j + 485. What is the tens digit of j?
9
Let d = -970 - -2461. What is the tens digit of d?
9
What is the thousands digit of 3228*(-30)/360*(-4 - 0)?
1
Let h(m) be the second derivative of -m**5/120 + 5*m**4/24 - 5*m**3/6 - 5*m. Let v(c) be the second derivative of h(c). What is the tens digit of v(-7)?
1
Let w be -4 + 3 - (-1 + -3). Suppose -2*c + c = w*d - 100, -2*c + 194 = 3*d. What is the units digit of c?
4
Let g = -3 + 12. Let t = g + -7. Suppose 57 = t*b + b. What is the tens digit of b?
1
Suppose 67 = i - 109. Let n = 414 - i. What is the units digit of n?
8
Suppose 6 = 2*s, 0*u - 54 = 3*u - 4*s. Let o = 19 + u. Suppose 118 = o*d - 32. What is the tens digit of d?
3
Let y(u) = 7*u**3 + 18*u**2 + 42*u + 14. Let d(j) = -10*j**3 - 27*j**2 - 63*j - 21. Let t(q) = 5*d(q) + 7*y(q). What is the units digit of t(-8)?
7
Suppose -4*q + 3762 = 5*n, -3*n + 1474 = 3*q - 1349. What is the hundreds digit of q?
9
Let h = 24 + -19. Suppose -5 - 5 = -h*v. Suppose -3*d + 75 = 4*c, v*c + 39 + 25 = 2*d. What is the tens digit of d?
2
Let f = 369 + -1062. Let m(l) = l**3 - 5*l**2 - 2*l + 10. Let u be m(5). What is the units digit of (-2 - u)*f/18?
7
Let h(k) = -k**3 - 6*k**2 - k - 2. Let s be h(-6). Let i be (6/8)/(s/16). Suppose -i*m + 4*m - 11 = 2*b, m = -5*b + 46. What is the units digit of m?
1
Let r = 42 - 15. Suppose r = d - 2*f - 68, d + 4*f = 65. What is the tens digit of d?
8
Let v be (-86)/(1/((-4)/(-4))). Let k = v + 153. What is the units digit of k?
7
Suppose -c + 50 = -3*t, 5*c = -2*t + 5*t + 238. Suppose -94 = -3*b + c. What is the tens digit of b?
4
Let a(b) = -66*b - 7. Suppose -6 + 10 = -2*z. What is the hundreds digit of a(z)?
1
What is the tens digit of 6 - (-26 + 0/1)?
3
Suppose -6568 = -4*k - 4*u, 2*k = -2*k - 3*u + 6566. What is the hundreds digit of k?
6
What is the thousands digit of 72/32*(24896/24)/2?
1
Suppose 2*n + 3*v = 4*v - 269, 3*n + 376 = -4*v. Let t = n - -242. Suppose i + 4*i - t = 0. What is the tens digit of i?
2
What is the units digit of ((-2)/5)/(-2) - 135252/(-65)?
1
Suppose 14 = -2*k - 2*k + 3*w, 3*w + 1 = k. Let y = k - -17. Suppose -3*z = -2*b + 8, -5*z - y = b - 4*b. What is the units digit of b?
4
Let a(r) = 5*r - 6. Let n(p) = -p**3 + 7*p**2 - 6*p + 7. Let t be n(6). Let l be a(t). Suppose 4*z - 4*i = 56, 2*z - 9 = 4*i + l. What is the units digit of z?
9
Let w(r) = -3*r + 16. Let j be w(6). Let b = j - -89. What is the units digit of b?
7
Suppose -2*o = 2*o - 12. Let q be (-30)/(-10)*(-4)/o. Let b = q + 11. What is the units digit of b?
7
Let p(a) = -4*a**3 + 6*a**2 + 22*a + 100. What is the hundreds digit of p(-6)?
0
Let i(n) = 4*n. Let v be i(-1). Let k(o) = o**3 + 3*o**2 - 5*o - 2. Let r be k(v). Suppose h - 37 = -r*p, 24 + 73 = 5*p - 2*h. What is the units digit of p?
9
Suppose 0 = 12*h - 6453 - 6219. What is the tens digit of h?
5
Let v be (-1)/(3 - 215/70). Suppose 5*d - 3*d - v = 0. Suppose 4*c + 117 = d*c. What is the tens digit of c?
3
Suppose -w = b - 3*b - 9, -b = w - 3. Let f(q) = 3*q**2 - 3 + 0*q**2 - 6*q + 0*q**2. What is the units digit of f(w)?
2
Let j(h) = -h + 17. Let f(l) = -l**2 - 16*l - 14. Let k be f(-11). Suppose x + 47 = 6*x + 2*n, -4*x - 5*n = -k. What is the units digit of j(x)?
8
Let o = 245 - -9. What is the units digit of o?
4
Let a(s) = 2*s**2 - 2*s. Let j be a(-3). Suppose -5*b = -6*b + j. What is the tens digit of b/(-4)*44/(-6)?
4
Let i be ((-80)/50)/(2/(-20)). What is the units digit of i/64 + 283/4?
1
Let l(t) = t**3 + 13*t**2 + 6*t - 3. Let r be l(-9). Let v = r + -112. What is the units digit of v?
5
Let s be ((-21)/(-9))/(1/18). What is the tens digit of (-2)/(-7) - (-1836)/s?
4
Suppose -16*i - 310 = -11*i. Let v = i - -157. Suppose -k + v = 4*k. What is the units digit of k?
9
Suppose 0 = -2*x + 3*x - b, -x = 5*b. Suppose q - 84 = 3*f, -q + 3*f - 5*f + 89 = x. What is the tens digit of q?
8
Let i(t) = -t**2 - 4*t**2 + 0*t**2 + 2*t + 4*t**2. Let q be i(4). What is the units digit of q/(-1 + (3 - 3))?
8
Suppose -145*q + 134*q + 38632 = 0. What is the tens digit of q?
1
Suppose f + 5*w + 43 = 0, -20 = 2*f - 4*w + 122. Let a = f - -218. Suppose 0 = 5*b - 0*b - a. What is the units digit of b?
1
Let b = 36 - 40. What is the tens digit of (-1494)/(-10) + b/10?
4
Let h be (13/(-4) + 4)*4. Suppose -2*t + 5*j - 194 = -5*t, 4*t - 249 = h*j. What is the units digit of t?
3
Suppose 0 = -20*d + 30307 + 31813. What is the tens digit of d?
0
Let c(k) = 2*k**2 + 3*k + 1. Let a be c(-2). Let g(b) = 8*b**2 - 2 - 5 - 20*b**3 - b + 19*b**a. What is the tens digit of g(7)?
3
Let v = -514 + 3471. What is the units digit of v?
7
Let c(f) = -f + 1. Let v(r) = -r**2 + r + 6. Let p(w) = -6*c(w) + v(w). Let a be p(7). What is the units digit of 4/(-2)*(-2 - a)?
4
Let v be (3 - 0)/(135/(-69) - -2). Suppose -z + 9 = -0. Suppose -3*p + v = z. What is the units digit of p?
0
Let t be 4/(-26) - (-32)/208. Suppose 2*n - n = t. Suppose -4*i + 2*r + 12 = n, 3*i = 5*i + r - 10. What is the units digit of i?
4
Suppose 5*l = 2*q - 0*q + 38, 0 = 4*q + 16. Let r(d) = -d**3 + 6*d**2 + 8. What is the units digit of r(l)?
8
Let a(r) = -r**2 - 4*r - 3. Let n be a(-3). Let v(h) = -h**3 + 5*h**2 - 3*h + 2. Let y be v(4). Let z = y - n. What is the units digit of z?
6
Let l be -4 - 26/(-4) - (-1)/(-2). What is the tens digit of -5*(-16 + (-8)/l - -3)?
8
Suppose -4*l + 3438 = r - l, -l = 5*r - 17232. What is the tens digit of r?
4
Suppose -3*j - 70 = -28. What is the tens digit of 4/j + (-888)/(-21)?
4
Suppose 3*y + 999 = 3*f, 645 = 3*f - f + 5*y. What is the hundreds digit of f?
3
Let f = -375 + 656. What is the tens digit of f?
8
Suppose 4*y - s - 20 = 2*s, -2*s = -2*y + 8. Let h = -108 + 110. Suppose -h*j + y + 54 = 0. What is the tens digit of j?
3
Suppose -n + 2 = 0, a + 3*n + 921 = 4*a. What is the tens digit of a?
0
Let b(i) = 29*i**2 - 29*i + 7. What is the thousands digit of b(8)?
1
Let y = -4233 - -6532. What is the units digit of y?
9
Let z be 1*-1 - (-6 - -1). What is the units digit of 8/6*(z + 8)?
6
Suppose -7*v + 3*v = -1044. Let r = v + -87. What is the tens digit of r?
7
Suppose 3*d - v + 3*v - 91 = 0, 3*d - 3*v - 96 = 0. Let x be -1 + -1 - (-54)/1. Let h = x - d. What is the units digit of h?
1
Suppose -5*q = -8*q + 420. Suppose 420 = 3*m - n, 0*m = -m + 4*n + q. What is the tens digit of m?
4
Let x = -3895 + 6826. What is the hundreds digit of x?
9
Let z be (-1)/1*3 - 4. Let x(f) = f**3 + 7*f**2 - 2*f + 9. Let w be x(z). Let m = -15 + w. W